{"id":11,"date":"2012-12-13T14:28:42","date_gmt":"2012-12-13T14:28:42","guid":{"rendered":"http:\/\/www.silkeundhubert.de\/wordpress\/?page_id=11"},"modified":"2015-01-28T13:23:03","modified_gmt":"2015-01-28T13:23:03","slug":"unterseite","status":"publish","type":"page","link":"https:\/\/www.silkeundhubert.de\/wordpress\/?page_id=11","title":{"rendered":"Unterseite"},"content":{"rendered":"<h5><span style=\"color: #ff0000;\"><strong>Als neue Queens des Strander Clubheims des Kieler Yacht-Clubs m\u00f6chten wir, dass Sie sich bei uns besonders wohl f\u00fchlen.<\/strong><\/span><\/h5>\n<h5><span style=\"color: #ff0000;\"><strong>Hier gibt&#8217;s immer was gutes auf die Gabel und ein z\u00fcnftiges Pils&#8230;<\/strong><\/span><\/h5>\n<h2><span style=\"color: #ff0000;\"><strong>vom Tempranillo ganz zu schweigen<\/strong><\/span><\/h2>\n","protected":false},"excerpt":{"rendered":"<p>Als neue Queens des Strander Clubheims des Kieler Yacht-Clubs m\u00f6chten wir, dass Sie sich bei uns besonders wohl f\u00fchlen. Hier gibt&#8217;s immer was gutes auf die Gabel und ein z\u00fcnftiges Pils&#8230; vom Tempranillo ganz zu schweigen<\/p>\n","protected":false},"author":1,"featured_media":0,"parent":0,"menu_order":0,"comment_status":"closed","ping_status":"open","template":"","meta":{"footnotes":""},"class_list":["post-11","page","type-page","status-publish","hentry"],"_links":{"self":[{"href":"https:\/\/www.silkeundhubert.de\/wordpress\/index.php?rest_route=\/wp\/v2\/pages\/11","targetHints":{"allow":["GET"]}}],"collection":[{"href":"https:\/\/www.silkeundhubert.de\/wordpress\/index.php?rest_route=\/wp\/v2\/pages"}],"about":[{"href":"https:\/\/www.silkeundhubert.de\/wordpress\/index.php?rest_route=\/wp\/v2\/types\/page"}],"author":[{"embeddable":true,"href":"https:\/\/www.silkeundhubert.de\/wordpress\/index.php?rest_route=\/wp\/v2\/users\/1"}],"replies":[{"embeddable":true,"href":"https:\/\/www.silkeundhubert.de\/wordpress\/index.php?rest_route=%2Fwp%2Fv2%2Fcomments&post=11"}],"version-history":[{"count":6,"href":"https:\/\/www.silkeundhubert.de\/wordpress\/index.php?rest_route=\/wp\/v2\/pages\/11\/revisions"}],"predecessor-version":[{"id":105,"href":"https:\/\/www.silkeundhubert.de\/wordpress\/index.php?rest_route=\/wp\/v2\/pages\/11\/revisions\/105"}],"wp:attachment":[{"href":"https:\/\/www.silkeundhubert.de\/wordpress\/index.php?rest_route=%2Fwp%2Fv2%2Fmedia&parent=11"}],"curies":[{"name":"wp","href":"https:\/\/api.w.org\/{rel}","templated":true}]}}